{"id":300,"date":"2024-07-03T14:20:19","date_gmt":"2024-07-03T12:20:19","guid":{"rendered":"https:\/\/dev-awptech.pantheonsite.io\/?page_id=300"},"modified":"2024-08-19T11:06:13","modified_gmt":"2024-08-19T09:06:13","slug":"promocje","status":"publish","type":"page","link":"https:\/\/awptech.pl\/?page_id=300","title":{"rendered":"Promocje"},"content":{"rendered":"<p>[et_pb_section fb_built=&#8221;1&#8243; specialty=&#8221;on&#8221; _builder_version=&#8221;4.24.2&#8243; _module_preset=&#8221;default&#8221; width=&#8221;100%&#8221; da_disable_devices=&#8221;off|off|off&#8221; global_colors_info=&#8221;{}&#8221; da_is_popup=&#8221;off&#8221; da_exit_intent=&#8221;off&#8221; da_has_close=&#8221;on&#8221; da_alt_close=&#8221;off&#8221; da_dark_close=&#8221;off&#8221; da_not_modal=&#8221;on&#8221; da_is_singular=&#8221;off&#8221; da_with_loader=&#8221;off&#8221; da_has_shadow=&#8221;on&#8221;][et_pb_column type=&#8221;3_4&#8243; specialty_columns=&#8221;3&#8243; _builder_version=&#8221;4.16&#8243; custom_padding=&#8221;|||&#8221; global_colors_info=&#8221;{}&#8221; custom_padding__hover=&#8221;|||&#8221;][et_pb_row_inner column_structure=&#8221;1_2,1_2&#8243; _builder_version=&#8221;4.24.2&#8243; _module_preset=&#8221;default&#8221; width=&#8221;100%&#8221; global_colors_info=&#8221;{}&#8221;][et_pb_column_inner type=&#8221;1_2&#8243; saved_specialty_column_type=&#8221;3_4&#8243; _builder_version=&#8221;4.24.2&#8243; _module_preset=&#8221;default&#8221; global_colors_info=&#8221;{}&#8221;][et_pb_image src=&#8221;https:\/\/awptech.pl\/wp-content\/uploads\/2024\/08\/Adblue-1.png&#8221; alt=&#8221;precel<br \/>\n&#8221; title_text=&#8221;Adblue&#8221; align=&#8221;center&#8221; _builder_version=&#8221;4.24.2&#8243; _module_preset=&#8221;default&#8221; width=&#8221;70%&#8221; locked=&#8221;off&#8221; global_colors_info=&#8221;{}&#8221;][\/et_pb_image][\/et_pb_column_inner][et_pb_column_inner type=&#8221;1_2&#8243; saved_specialty_column_type=&#8221;3_4&#8243; _builder_version=&#8221;4.24.2&#8243; _module_preset=&#8221;default&#8221; border_color_right=&#8221;gcid-de749df5-82d7-4bad-ba2b-a56855f698d2&#8243; global_colors_info=&#8221;{%22gcid-de749df5-82d7-4bad-ba2b-a56855f698d2%22:%91%22border_color_right%22%93}&#8221;][et_pb_text _builder_version=&#8221;4.24.2&#8243; _module_preset=&#8221;default&#8221; text_font_size=&#8221;17px&#8221; header_4_text_align=&#8221;left&#8221; header_4_font_size=&#8221;27px&#8221; header_4_line_height=&#8221;2em&#8221; header_6_text_color=&#8221;gcid-3d77f18a-71d5-4051-b3de-cc8639fa0c6d&#8221; text_font_size_tablet=&#8221;17px&#8221; text_font_size_phone=&#8221;17px&#8221; text_font_size_last_edited=&#8221;on|desktop&#8221; header_4_font_size_tablet=&#8221;27px&#8221; header_4_font_size_phone=&#8221;27px&#8221; header_4_font_size_last_edited=&#8221;on|desktop&#8221; locked=&#8221;off&#8221; global_colors_info=&#8221;{%22gcid-3d77f18a-71d5-4051-b3de-cc8639fa0c6d%22:%91%22header_6_text_color%22%93}&#8221;]<\/p>\n<h4><strong>JU\u017b WKR\u00d3TCE<\/strong><\/h4>\n<p>\u00a0Ju\u017c nied\u0142ugo znajdziesz tutaj nowe promocje na nasze cz\u0119\u015bci. Sprawdzaj wi\u0119c nasz\u0105 stron\u0119 na bie\u017c\u0105co, by nie przegapi\u0107 \u017cadnej okazji!<\/p>\n<p>[\/et_pb_text][et_pb_button button_text=&#8221;kup na platformie&#8221; _builder_version=&#8221;4.24.2&#8243; _module_preset=&#8221;default&#8221; custom_button=&#8221;on&#8221; button_text_color=&#8221;gcid-b6c4f12c-f25d-4f61-9fb1-6e96404634cd&#8221; button_bg_color=&#8221;gcid-3d77f18a-71d5-4051-b3de-cc8639fa0c6d&#8221; button_border_width=&#8221;2px&#8221; button_border_radius=&#8221;27px&#8221; button_icon=&#8221;&#x39;||divi||400&#8243; custom_padding=&#8221;5px|30px|5px|30px|true|true&#8221; hover_enabled=&#8221;0&#8243; global_colors_info=&#8221;{%22gcid-b6c4f12c-f25d-4f61-9fb1-6e96404634cd%22:%91%22button_text_color%22%93,%22gcid-3d77f18a-71d5-4051-b3de-cc8639fa0c6d%22:%91%22button_bg_color%22%93}&#8221; button_url=&#8221;https:\/\/awptech.bsxb2b.com\/&#8221; sticky_enabled=&#8221;0&#8243;][\/et_pb_button][\/et_pb_column_inner][\/et_pb_row_inner][et_pb_row_inner _builder_version=&#8221;4.24.2&#8243; _module_preset=&#8221;default&#8221; global_colors_info=&#8221;{}&#8221;][et_pb_column_inner saved_specialty_column_type=&#8221;3_4&#8243; _builder_version=&#8221;4.24.2&#8243; _module_preset=&#8221;default&#8221; global_colors_info=&#8221;{}&#8221;][et_pb_image src=&#8221;https:\/\/awptech.pl\/wp-content\/uploads\/2024\/07\/artcrafterai_A_minimalist_photo_of_a_large_truck_parked_in_a__5f2f9e8c-978f-43fe-a14e-9206ca918559_2-1.png&#8221; alt=&#8221;bg&#8221; title_text=&#8221;artcrafterai_A_minimalist_photo_of_a_large_truck_parked_in_a__5f2f9e8c-978f-43fe-a14e-9206ca918559_2 (1)&#8221; _builder_version=&#8221;4.24.2&#8243; _module_preset=&#8221;default&#8221; border_radii=&#8221;on|25px|25px|25px|25px&#8221; box_shadow_style=&#8221;preset6&#8243; box_shadow_color=&#8221;#000000&#8243; global_colors_info=&#8221;{}&#8221;][\/et_pb_image][et_pb_button button_text=&#8221;Dowiedz si\u0119 wi\u0119cej&#8221; button_alignment=&#8221;center&#8221; _builder_version=&#8221;4.24.2&#8243; _module_preset=&#8221;default&#8221; custom_button=&#8221;on&#8221; button_text_color=&#8221;#FFFFFF&#8221; button_bg_color=&#8221;#E01F45&#8243; button_border_width=&#8221;0px&#8221; button_border_radius=&#8221;27px&#8221; button_icon=&#8221;&#x45;||divi||400&#8243; button_icon_color=&#8221;#0C71C3&#8243; positioning=&#8221;absolute&#8221; position_origin_a=&#8221;bottom_center&#8221; custom_margin=&#8221;||60px||false|false&#8221; custom_margin_tablet=&#8221;||60px||false|false&#8221; custom_margin_phone=&#8221;||60px||false|false&#8221; custom_margin_last_edited=&#8221;on|desktop&#8221; custom_padding=&#8221;5px|30px|5px|30px|true|true&#8221; hover_enabled=&#8221;0&#8243; button_text_shadow_style=&#8221;preset1&#8243; button_text_shadow_horizontal_length=&#8221;0.1em&#8221; button_text_shadow_blur_strength=&#8221;0.16em&#8221; button_text_shadow_color=&#8221;#000000&#8243; locked=&#8221;off&#8221; global_colors_info=&#8221;{}&#8221; button_url=&#8221;https:\/\/awptech.bsxb2b.com\/&#8221; sticky_enabled=&#8221;0&#8243;][\/et_pb_button][et_pb_text _builder_version=&#8221;4.24.2&#8243; _module_preset=&#8221;default&#8221; header_text_align=&#8221;left&#8221; header_text_color=&#8221;#FFFFFF&#8221; header_font_size=&#8221;45px&#8221; positioning=&#8221;absolute&#8221; position_origin_a=&#8221;top_center&#8221; z_index=&#8221;10&#8243; width=&#8221;100%&#8221; custom_margin=&#8221;15px|||15px|false|false&#8221; header_font_size_tablet=&#8221;45px&#8221; header_font_size_phone=&#8221;45px&#8221; header_font_size_last_edited=&#8221;on|desktop&#8221; header_text_shadow_style=&#8221;preset1&#8243; header_text_shadow_color=&#8221;gcid-28366106-ecf8-496b-97f0-6a9be6882356&#8243; global_colors_info=&#8221;{%22gcid-28366106-ecf8-496b-97f0-6a9be6882356%22:%91%22header_text_shadow_color%22%93}&#8221;]<\/p>\n<h1>Promocja<\/h1>\n<p>[\/et_pb_text][\/et_pb_column_inner][\/et_pb_row_inner][\/et_pb_column][et_pb_column type=&#8221;1_4&#8243; _builder_version=&#8221;4.16&#8243; custom_padding=&#8221;|||&#8221; global_colors_info=&#8221;{}&#8221; custom_padding__hover=&#8221;|||&#8221;][et_pb_text _builder_version=&#8221;4.24.2&#8243; _module_preset=&#8221;default&#8221; header_4_font=&#8221;||||||||&#8221; header_4_text_align=&#8221;center&#8221; header_4_text_color=&#8221;#E02B20&#8243; header_4_font_size=&#8221;22px&#8221; header_6_text_color=&#8221;gcid-3d77f18a-71d5-4051-b3de-cc8639fa0c6d&#8221; header_4_font_size_tablet=&#8221;22px&#8221; header_4_font_size_phone=&#8221;22px&#8221; header_4_font_size_last_edited=&#8221;on|desktop&#8221; header_4_text_shadow_style=&#8221;preset3&#8243; header_4_text_shadow_color=&#8221;rgba(0,0,0,0)&#8221; locked=&#8221;off&#8221; global_colors_info=&#8221;{%22gcid-3d77f18a-71d5-4051-b3de-cc8639fa0c6d%22:%91%22header_6_text_color%22%93}&#8221;]<\/p>\n<h4><strong>Promocje miesi\u0105ca!<\/strong><\/h4>\n<p>[\/et_pb_text][et_pb_divider color=&#8221;gcid-bfa7fe62-254b-41c2-9e7c-1655cf29ea48&#8243; divider_weight=&#8221;3px&#8221; _builder_version=&#8221;4.24.2&#8243; _module_preset=&#8221;default&#8221; global_colors_info=&#8221;{%22gcid-bfa7fe62-254b-41c2-9e7c-1655cf29ea48%22:%91%22color%22%93}&#8221;][\/et_pb_divider][et_pb_image src=&#8221;https:\/\/awptech.pl\/wp-content\/uploads\/2024\/08\/Adblue-1.png&#8221; alt=&#8221;precel<br \/>\n&#8221; title_text=&#8221;Adblue&#8221; align=&#8221;center&#8221; _builder_version=&#8221;4.24.2&#8243; _module_preset=&#8221;default&#8221; width=&#8221;70%&#8221; global_colors_info=&#8221;{}&#8221;][\/et_pb_image][et_pb_text _builder_version=&#8221;4.24.2&#8243; _module_preset=&#8221;default&#8221; header_4_text_align=&#8221;left&#8221; header_6_text_color=&#8221;gcid-3d77f18a-71d5-4051-b3de-cc8639fa0c6d&#8221; hover_enabled=&#8221;0&#8243; global_colors_info=&#8221;{%22gcid-3d77f18a-71d5-4051-b3de-cc8639fa0c6d%22:%91%22header_6_text_color%22%93}&#8221; sticky_enabled=&#8221;0&#8243;]<\/p>\n<h4><strong>JU\u017b WKR\u00d3TCE<\/strong><\/h4>\n<p><strong>OCZEKUJ NA NASZE NAJGOR\u0118TSZE PROMOCJE MIESI\u0104CA!<\/strong><\/p>\n<p>&nbsp;<\/p>\n<h6><a href=\"https:\/\/awptech.bsxb2b.com\/\"><span>kup na platformie<\/span> &gt;&gt;<\/a><\/h6>\n<p>[\/et_pb_text][et_pb_divider color=&#8221;gcid-bfa7fe62-254b-41c2-9e7c-1655cf29ea48&#8243; divider_weight=&#8221;1px&#8221; _builder_version=&#8221;4.24.2&#8243; _module_preset=&#8221;default&#8221; locked=&#8221;off&#8221; global_colors_info=&#8221;{%22gcid-bfa7fe62-254b-41c2-9e7c-1655cf29ea48%22:%91%22color%22%93}&#8221;][\/et_pb_divider][et_pb_image src=&#8221;https:\/\/awptech.pl\/wp-content\/uploads\/2024\/08\/Hamulce.png&#8221; alt=&#8221;part&#8221; title_text=&#8221;Hamulce&#8221; align=&#8221;center&#8221; _builder_version=&#8221;4.24.2&#8243; _module_preset=&#8221;default&#8221; width=&#8221;70%&#8221; locked=&#8221;off&#8221; global_colors_info=&#8221;{}&#8221;][\/et_pb_image][et_pb_text _builder_version=&#8221;4.24.2&#8243; _module_preset=&#8221;default&#8221; header_4_text_align=&#8221;left&#8221; header_6_text_color=&#8221;gcid-3d77f18a-71d5-4051-b3de-cc8639fa0c6d&#8221; hover_enabled=&#8221;0&#8243; locked=&#8221;off&#8221; global_colors_info=&#8221;{%22gcid-3d77f18a-71d5-4051-b3de-cc8639fa0c6d%22:%91%22header_6_text_color%22%93}&#8221; sticky_enabled=&#8221;0&#8243;]<\/p>\n<h4><strong>JU\u017b WKR\u00d3TCE<\/strong><\/h4>\n<p><strong>OCZEKUJ NA NASZE NAJGOR\u0118TSZE PROMOCJE MIESI\u0104CA!<\/strong><\/p>\n<p>&nbsp;<\/p>\n<h6><a href=\"https:\/\/awptech.bsxb2b.com\/\"><span>kup na platformie<\/span> &gt;&gt;<\/a><\/h6>\n<p>[\/et_pb_text][\/et_pb_column][\/et_pb_section]<\/p>\n","protected":false},"excerpt":{"rendered":"<p>JU\u017b WKR\u00d3TCE \u00a0Ju\u017c nied\u0142ugo znajdziesz tutaj nowe promocje na nasze cz\u0119\u015bci. Sprawdzaj wi\u0119c nasz\u0105 stron\u0119 na bie\u017c\u0105co, by nie przegapi\u0107 \u017cadnej okazji!PromocjaPromocje miesi\u0105ca!JU\u017b WKR\u00d3TCE OCZEKUJ NA NASZE NAJGOR\u0118TSZE PROMOCJE MIESI\u0104CA! &nbsp; kup na platformie &gt;&gt;JU\u017b WKR\u00d3TCE OCZEKUJ NA NASZE NAJGOR\u0118TSZE PROMOCJE MIESI\u0104CA! &nbsp; kup na platformie &gt;&gt;<\/p>\n","protected":false},"author":1,"featured_media":0,"parent":0,"menu_order":0,"comment_status":"closed","ping_status":"closed","template":"","meta":{"_et_pb_use_builder":"on","_et_pb_old_content":"","_et_gb_content_width":"","footnotes":""},"class_list":["post-300","page","type-page","status-publish","hentry"],"_links":{"self":[{"href":"https:\/\/awptech.pl\/index.php?rest_route=\/wp\/v2\/pages\/300","targetHints":{"allow":["GET"]}}],"collection":[{"href":"https:\/\/awptech.pl\/index.php?rest_route=\/wp\/v2\/pages"}],"about":[{"href":"https:\/\/awptech.pl\/index.php?rest_route=\/wp\/v2\/types\/page"}],"author":[{"embeddable":true,"href":"https:\/\/awptech.pl\/index.php?rest_route=\/wp\/v2\/users\/1"}],"replies":[{"embeddable":true,"href":"https:\/\/awptech.pl\/index.php?rest_route=%2Fwp%2Fv2%2Fcomments&post=300"}],"version-history":[{"count":21,"href":"https:\/\/awptech.pl\/index.php?rest_route=\/wp\/v2\/pages\/300\/revisions"}],"predecessor-version":[{"id":25104394,"href":"https:\/\/awptech.pl\/index.php?rest_route=\/wp\/v2\/pages\/300\/revisions\/25104394"}],"wp:attachment":[{"href":"https:\/\/awptech.pl\/index.php?rest_route=%2Fwp%2Fv2%2Fmedia&parent=300"}],"curies":[{"name":"wp","href":"https:\/\/api.w.org\/{rel}","templated":true}]}}